{"id":275,"date":"2018-11-14T21:12:02","date_gmt":"2018-11-14T20:12:02","guid":{"rendered":"http:\/\/toutunmonde.org\/?page_id=275"},"modified":"2025-07-17T17:38:55","modified_gmt":"2025-07-17T15:38:55","slug":"accueil","status":"publish","type":"page","link":"https:\/\/toutunmonde.org\/","title":{"rendered":"Accueil"},"content":{"rendered":"\n<blockquote class=\"wp-block-quote is-layout-flow wp-block-quote-is-layout-flow\">\n<p><strong>Actu<\/strong><\/p>\n\n\n\n<p><strong><em>C&#8217;est l<\/em>&#8216;\u00e9t\u00e9 !<\/strong><\/p>\n\n\n\n<p>Nos accueils, ainsi que le bureau, sont ferm\u00e9s le temps des vacances scolaires. On se retrouve au mois de septembre !<\/p>\n\n\n\n<p>L&#8217;\u00e9quipe de Tout Un Monde<\/p>\n\n\n\n<hr class=\"wp-block-separator has-alpha-channel-opacity\"\/>\n\n\n\n<p><\/p>\n\n\n\n<p><strong>Le 5 Avril 2024, Tout Un Monde a organis\u00e9 son Assembl\u00e9e G\u00e9n\u00e9rale!<\/strong><\/p>\n\n\n\n<p>Nous souhaitons la bienvenue \u00e0 nos nouvelles administratrices, Camille, Laura, Ondine et Am\u00e9lie!<\/p>\n\n\n\n<hr class=\"wp-block-separator has-alpha-channel-opacity\"\/>\n<cite>Tout un Monde vous souhaite une Bonne Ann\u00e9e 2024!!<\/cite><\/blockquote>\n\n\n\n<p>Et pour bien la commencer, on a besoin de vous&#8230;<\/p>\n\n\n\n<figure class=\"wp-block-image is-resized\"><img loading=\"lazy\" decoding=\"async\" width=\"1080\" height=\"1920\" src=\"https:\/\/toutunmonde.org\/wp-content\/uploads\/2024\/01\/voeux-2024.jpg\" alt=\"\" class=\"wp-image-730\" style=\"width:498px;height:auto\" srcset=\"https:\/\/toutunmonde.org\/wp-content\/uploads\/2024\/01\/voeux-2024.jpg 1080w, https:\/\/toutunmonde.org\/wp-content\/uploads\/2024\/01\/voeux-2024-169x300.jpg 169w, https:\/\/toutunmonde.org\/wp-content\/uploads\/2024\/01\/voeux-2024-576x1024.jpg 576w, https:\/\/toutunmonde.org\/wp-content\/uploads\/2024\/01\/voeux-2024-768x1365.jpg 768w, https:\/\/toutunmonde.org\/wp-content\/uploads\/2024\/01\/voeux-2024-864x1536.jpg 864w\" sizes=\"auto, (max-width: 767px) 89vw, (max-width: 1000px) 54vw, (max-width: 1071px) 543px, 580px\" \/><\/figure>\n\n\n\n<p><\/p>\n\n\n\n<blockquote class=\"wp-block-quote is-layout-flow wp-block-quote-is-layout-flow\">\n<hr class=\"wp-block-separator has-alpha-channel-opacity\"\/>\n\n\n\n<p><\/p>\n\n\n\n<p>L&#8217;Actu de Mars 2023<strong><br><\/strong><\/p>\n\n\n\n<p>A l&#8217;occasion de la semaine de la petite enfance, qui se tiendra du 18 au 25 mars Tout Un Monde a r\u00e9pondu aux questions de la RCF \u00e0 propos de l&#8217;importance des lieux d&#8217;accueil enfants-parents. L&#8217;article est disponible <a href=\"https:\/\/www.rcf.fr\/articles\/actualite\/petite-enfance-limportance-des-lieux-daccueil-pour-les-parents\">ici<\/a>, et le podcast est en \u00e9coute juste l\u00e0 :<\/p>\n<\/blockquote>\n\n\n\n<iframe loading=\"lazy\" allowfullscreen=\"\" width=\"100%\" height=\"140px\" src=\"https:\/\/www.rcf.fr\/culture-et-societe\/je-pense-donc-jagis\/embed?episodeId=354950\"><\/iframe>\n\n\n\n<div style=\"height:31px\" aria-hidden=\"true\" class=\"wp-block-spacer\"><\/div>\n\n\n\n<p><strong>TOUT UN MONDE<\/strong><\/p>\n\n\n\n<p><strong>Tout un Monde<\/strong> est une association bas\u00e9e \u00e0 Marseille, cr\u00e9\u00e9e en 2013 par des professionnel.le.s de la petite enfance. Son objet est de <strong>soutenir la fonction parentale<\/strong> \u00e0 travers un accompagnement des familles de jeunes enfants (de l\u2019enfant \u00e0 venir jusqu\u2019\u00e0 6 ans). Par la mise en \u0153uvre d\u2019actions vou\u00e9es \u00e0 lutter contre les facteurs de vuln\u00e9rabilit\u00e9 et d\u2019isolement, l\u2019association s\u2019inscrit dans une d\u00e9marche de pr\u00e9vention et d\u2019orientation pr\u00e9coce.<\/p>\n\n\n\n<p>\u0152uvrant du <strong>LAEP<\/strong> \u00e0 <strong>l\u2019atelier d\u2019\u00e9veil<\/strong> en passant par <strong>l\u2019accompagnement individuel<\/strong>, Tout un Monde est donc attach\u00e9 \u00e0 soutenir les jeunes parents au cours des premi\u00e8res ann\u00e9es de leurs enfants et \u00e0 rompre l\u2019isolement social, en \u00e9tablissant des espaces ouverts et conviviaux \u00e0 travers la ville, permettant la <strong>rencontre<\/strong> et le <strong>partage<\/strong> aux enfants comme aux parents.<\/p>\n\n\n\n<p>De fait, l\u2019association \u00e9tant construite sur un mod\u00e8le o\u00f9 les m\u00eames professionnel.le.s m\u00e8nent \u00e0 la fois les missions aupr\u00e8s des familles, le d\u00e9veloppement et la gestion associative impliquent une r\u00e9elle congruence dans l\u2019exercice de leurs missions. Le projet est r\u00e9solument port\u00e9 par les \u00e9quipes et les administrateurs, qui forment ensemble un collectif fort.<\/p>\n\n\n\n<figure class=\"wp-block-embed is-type-video is-provider-youtube wp-block-embed-youtube wp-embed-aspect-16-9 wp-has-aspect-ratio\"><div class=\"wp-block-embed__wrapper\">\n<iframe loading=\"lazy\" title=\"Tout un monde\" width=\"525\" height=\"295\" src=\"https:\/\/www.youtube.com\/embed\/LfswYQPxD6s?start=2&#038;feature=oembed\" frameborder=\"0\" allow=\"accelerometer; autoplay; clipboard-write; encrypted-media; gyroscope; picture-in-picture; web-share\" referrerpolicy=\"strict-origin-when-cross-origin\" allowfullscreen><\/iframe>\n<\/div><\/figure>\n\n\n\n<div style=\"height:31px\" aria-hidden=\"true\" class=\"wp-block-spacer\"><\/div>\n\n\n\n<p><strong>Les diff\u00e9rents lieux de rendez-vous :<\/strong><\/p>\n\n\n\n\n\n<div class=\"wp-block-media-text alignwide is-stacked-on-mobile is-vertically-aligned-top\" style=\"grid-template-columns:44% auto\"><figure class=\"wp-block-media-text__media\"><img loading=\"lazy\" decoding=\"async\" width=\"640\" height=\"480\" src=\"https:\/\/toutunmonde.org\/wp-content\/uploads\/2022\/02\/Bergers.jpg\" alt=\"\" class=\"wp-image-603 size-full\" srcset=\"https:\/\/toutunmonde.org\/wp-content\/uploads\/2022\/02\/Bergers.jpg 640w, https:\/\/toutunmonde.org\/wp-content\/uploads\/2022\/02\/Bergers-300x225.jpg 300w\" sizes=\"auto, (max-width: 640px) 100vw, 640px\" \/><\/figure><div class=\"wp-block-media-text__content\">\n<p class=\"has-normal-font-size\"><strong>LAEP Les Bergers <\/strong>&#8211; annexe \u00e9cole maternelle des Bergers 13006<br>5 rue des bergers<br>M\u00e9tro 2 \u2013 arr\u00eat Notre Dame Du Mont <br><br> <span class=\"_5mfr\"><span class=\"_6qdm\">\ud83d\udd51<\/span><\/span> Mercredi, de 14h \u00e0 17h <br><span style=\"color: #00ff00;\"><strong> <span style=\"color: #00ff00;\"><strong><strong><strong><strong><span class=\"has-inline-color has-vivid-green-cyan-color\"> <strong><span class=\"has-inline-color has-luminous-vivid-amber-color\"> <span style=\"color: #00ff00;\"><strong><strong><strong>OUVER<\/strong><\/strong><\/strong><\/span><\/span><\/strong><\/span><\/strong><\/strong><\/strong><\/strong><\/span>T<\/strong><\/span><\/p>\n<\/div><\/div>\n\n\n\n<div style=\"height:31px\" aria-hidden=\"true\" class=\"wp-block-spacer\"><\/div>\n\n\n\n<div class=\"wp-block-media-text alignwide is-stacked-on-mobile is-vertically-aligned-top\" style=\"grid-template-columns:44% auto\"><figure class=\"wp-block-media-text__media\"><img loading=\"lazy\" decoding=\"async\" width=\"1024\" height=\"768\" src=\"https:\/\/toutunmonde.org\/wp-content\/uploads\/2022\/02\/Dugommier-2-1024x768.jpg\" alt=\"\" class=\"wp-image-605 size-full\" srcset=\"https:\/\/toutunmonde.org\/wp-content\/uploads\/2022\/02\/Dugommier-2-1024x768.jpg 1024w, https:\/\/toutunmonde.org\/wp-content\/uploads\/2022\/02\/Dugommier-2-300x225.jpg 300w, https:\/\/toutunmonde.org\/wp-content\/uploads\/2022\/02\/Dugommier-2-768x576.jpg 768w, https:\/\/toutunmonde.org\/wp-content\/uploads\/2022\/02\/Dugommier-2.jpg 1182w\" sizes=\"auto, (max-width: 767px) 89vw, (max-width: 1000px) 54vw, (max-width: 1071px) 543px, 580px\" \/><\/figure><div class=\"wp-block-media-text__content\">\n<p class=\"has-normal-font-size\"><strong>CMA Dugommier<\/strong> &#8211; 13001<br>12 boulevard Dugommier<br>(remplace l&#8217;accueil CMA S\u00e9nac)<br><br><br>\ud83d\udd51&nbsp;Vendredi, de 9h \u00e0 12h <br> <span style=\"color: #00ff00;\"><strong> <span style=\"color: #00ff00;\"><strong><strong><strong><strong><span class=\"has-inline-color has-vivid-green-cyan-color\"> <strong><span class=\"has-inline-color has-luminous-vivid-amber-color\"> <span style=\"color: #00ff00;\"><strong><strong><strong>OUVERT<\/strong><\/strong><\/strong><\/span><\/span><\/strong><\/span><\/strong><\/strong><\/strong><\/strong><\/span><\/strong><\/span><\/p>\n<\/div><\/div>\n\n\n\n<div style=\"height:31px\" aria-hidden=\"true\" class=\"wp-block-spacer\"><\/div>\n\n\n\n<div class=\"wp-block-media-text alignwide is-stacked-on-mobile is-vertically-aligned-top\" style=\"grid-template-columns:44% auto\"><figure class=\"wp-block-media-text__media\"><img loading=\"lazy\" decoding=\"async\" width=\"1024\" height=\"768\" src=\"https:\/\/toutunmonde.org\/wp-content\/uploads\/2022\/02\/Longchamp-1024x768.jpg\" alt=\"\" class=\"wp-image-602 size-full\" srcset=\"https:\/\/toutunmonde.org\/wp-content\/uploads\/2022\/02\/Longchamp-1024x768.jpg 1024w, https:\/\/toutunmonde.org\/wp-content\/uploads\/2022\/02\/Longchamp-300x225.jpg 300w, https:\/\/toutunmonde.org\/wp-content\/uploads\/2022\/02\/Longchamp-768x576.jpg 768w, https:\/\/toutunmonde.org\/wp-content\/uploads\/2022\/02\/Longchamp.jpg 1280w\" sizes=\"auto, (max-width: 767px) 89vw, (max-width: 1000px) 54vw, (max-width: 1071px) 543px, 580px\" \/><\/figure><div class=\"wp-block-media-text__content\">\n<p class=\"has-black-color has-text-color has-normal-font-size\"><strong>PARC LONGCHAMP<\/strong> &#8211; 13004<br>Kiosque \u00e0 musique<br>Entr\u00e9e M\u00e9tro 5 Avenues, \u00e0 c\u00f4t\u00e9 du th\u00e9\u00e2tre de la Girafe<br><br><span class=\"_5mfr\"><span class=\"_6qdm\">\ud83d\udd64<\/span><\/span> Mardi, de 10h \u00e0 12h<br><strong><span class=\"has-inline-color has-luminous-vivid-amber-color\"><span style=\"color: #00ff00;\"><strong><span style=\"color: #00ff00;\"><strong><strong><strong><strong><span class=\"has-inline-color has-vivid-green-cyan-color\"><strong><span class=\"has-inline-color has-luminous-vivid-amber-color\"><span style=\"color: #00ff00;\"><strong><strong><strong><span style=\"color: #00ff00;\"><strong><strong><strong><strong><span class=\"has-inline-color has-luminous-vivid-amber-color\"><span style=\"color: #00ff00;\"><strong><span style=\"color: #00ff00;\"><strong><strong><strong><strong><span class=\"has-inline-color has-vivid-green-cyan-color\"><strong><span class=\"has-inline-color has-luminous-vivid-amber-color\"> <\/span><\/strong><\/span><\/strong><\/strong><\/strong><\/strong><\/span><\/strong><\/span>FERM\u00c9 <\/span><\/strong><\/strong><\/strong><\/strong><\/span><\/strong><\/strong><\/strong><\/span><\/span><\/strong><\/span><\/strong><\/strong><\/strong><\/strong><\/span><\/strong><\/span><\/span><\/strong>r\u00e9ouverture esp\u00e9r\u00e9e au printemps 2025  <\/p>\n<\/div><\/div>\n\n\n\n<div style=\"height:31px\" aria-hidden=\"true\" class=\"wp-block-spacer\"><\/div>\n\n\n\n<div class=\"wp-block-columns is-layout-flex wp-container-core-columns-is-layout-9d6595d7 wp-block-columns-is-layout-flex\">\n<div class=\"wp-block-column is-layout-flow wp-block-column-is-layout-flow\"><\/div>\n\n\n\n<div class=\"wp-block-column is-layout-flow wp-block-column-is-layout-flow\"><\/div>\n<\/div>\n\n\n\n<p class=\"has-text-align-center\"><em><strong>Attention ! P<\/strong><\/em><em><strong>endant les vacances scolaires, les LAEP et les rencontres enfants-parents seront ferm\u00e9s.<\/strong><\/em><\/p>\n\n\n<div class=\"wp-block-image wp-caption aligncenter\">\n<figure  id=\"attachment_241\"><a href=\"https:\/\/assotoutunmonde.files.wordpress.com\/2018\/10\/pict0034.jpg\"><img loading=\"lazy\" decoding=\"async\" width=\"2560\" height=\"1920\" src=\"https:\/\/assotoutunmonde.files.wordpress.com\/2018\/10\/pict0034.jpg?w=300\" alt=\"\" class=\"wp-image-241\" srcset=\"https:\/\/toutunmonde.org\/wp-content\/uploads\/2018\/10\/pict0034.jpg 2560w, https:\/\/toutunmonde.org\/wp-content\/uploads\/2018\/10\/pict0034-300x225.jpg 300w, https:\/\/toutunmonde.org\/wp-content\/uploads\/2018\/10\/pict0034-768x576.jpg 768w, https:\/\/toutunmonde.org\/wp-content\/uploads\/2018\/10\/pict0034-1024x768.jpg 1024w\" sizes=\"auto, (max-width: 767px) 89vw, (max-width: 1000px) 54vw, (max-width: 1071px) 543px, 580px\" \/><\/a><\/figure>\n<\/div>\n\n\n<p>Vous pouvez nous contacter au <strong>06.10.32.06.95<\/strong> \/<strong>06.10.37.46.26\/06.10.67.67.46<\/strong><\/p>\n\n\n\n<p><\/p>\n\n\n\n<p><\/p>\n","protected":false},"excerpt":{"rendered":"<p>Et pour bien la commencer, on a besoin de vous&#8230; TOUT UN MONDE Tout un Monde est une association bas\u00e9e \u00e0 Marseille, cr\u00e9\u00e9e en 2013 par des professionnel.le.s de la petite enfance. Son objet est de soutenir la fonction parentale \u00e0 travers un accompagnement des familles de jeunes enfants (de l\u2019enfant \u00e0 venir jusqu\u2019\u00e0 6 &hellip; <\/p>\n<p class=\"link-more\"><a href=\"https:\/\/toutunmonde.org\/\" class=\"more-link\">Continue reading<span class=\"screen-reader-text\"> &#8220;Accueil&#8221;<\/span><\/a><\/p>\n","protected":false},"author":1,"featured_media":0,"parent":0,"menu_order":0,"comment_status":"closed","ping_status":"closed","template":"","meta":{"footnotes":""},"class_list":["post-275","page","type-page","status-publish","hentry"],"_links":{"self":[{"href":"https:\/\/toutunmonde.org\/index.php\/wp-json\/wp\/v2\/pages\/275","targetHints":{"allow":["GET"]}}],"collection":[{"href":"https:\/\/toutunmonde.org\/index.php\/wp-json\/wp\/v2\/pages"}],"about":[{"href":"https:\/\/toutunmonde.org\/index.php\/wp-json\/wp\/v2\/types\/page"}],"author":[{"embeddable":true,"href":"https:\/\/toutunmonde.org\/index.php\/wp-json\/wp\/v2\/users\/1"}],"replies":[{"embeddable":true,"href":"https:\/\/toutunmonde.org\/index.php\/wp-json\/wp\/v2\/comments?post=275"}],"version-history":[{"count":75,"href":"https:\/\/toutunmonde.org\/index.php\/wp-json\/wp\/v2\/pages\/275\/revisions"}],"predecessor-version":[{"id":773,"href":"https:\/\/toutunmonde.org\/index.php\/wp-json\/wp\/v2\/pages\/275\/revisions\/773"}],"wp:attachment":[{"href":"https:\/\/toutunmonde.org\/index.php\/wp-json\/wp\/v2\/media?parent=275"}],"curies":[{"name":"wp","href":"https:\/\/api.w.org\/{rel}","templated":true}]}}